{"id":29976,"date":"2020-03-03T14:58:29","date_gmt":"2020-03-03T13:58:29","guid":{"rendered":"https:\/\/casaatlantica.es\/producto\/lampes-rondes-en-terre-cuite\/"},"modified":"2025-06-21T00:04:28","modified_gmt":"2025-06-21T00:04:28","slug":"plafonnier-en-terre-cuite-non-emaille-creste","status":"publish","type":"product","link":"https:\/\/casaatlantica.es\/fr\/producto\/plafonnier-en-terre-cuite-non-emaille-creste\/","title":{"rendered":"Creste"},"content":{"rendered":"<h3 class=\"titprod\">Plafonnier Ronde en Terre Cuite<\/h3>\n<p class=\"p1\">Lampe ronde en terre cuite fabriqu\u00e9e \u00e0 la main avec un design artisanal inspir\u00e9 des formes navales. Id\u00e9ale pour cr\u00e9er des ambiances chaleureuses et uniques.<\/p>\n<p class=\"p1\">Cette lampe est enti\u00e8rement fabriqu\u00e9e de mani\u00e8re artisanale dans un atelier sp\u00e9cialis\u00e9, en utilisant des techniques traditionnelles de tour de potier. La terre cuite est soigneusement fa\u00e7onn\u00e9e \u00e0 la main et cuite \u00e0 haute temp\u00e9rature pour garantir une finition r\u00e9sistante et durable. Inspir\u00e9e par les anciens effets navals, cette pi\u00e8ce unique est le fruit d&rsquo;une collaboration avec Jo\u00e3o Louren\u00e7o et \u00ab\u00a0as redeiras da Guarda\u00a0\u00bb, qui apportent leur expertise en design.<\/p>\n<div class=\"spacer\"><\/div>\n<p class=\"p1\"><strong>MAT\u00c9RIAU<\/strong> Argile, c\u00e2ble \u00e9lectrique recouvert de tissu beige (140 cm de long) et fil de nylon bleu similaire \u00e0 celui utilis\u00e9 dans certaines filets de p\u00eache.<\/p>\n<p class=\"p1\"><strong>DIMENSIONS<\/strong> Lampe : 24 x 24 x 28 cm.<\/p>\n<p class=\"p1\"><strong>CONTENU<\/strong> 1 lampe<\/p>\n<div class=\"spacer\"><\/div>\n<p class=\"p1\"><em>Ce produit est artisanal ; la couleur et la finition peuvent l\u00e9g\u00e8rement varier par rapport aux pi\u00e8ces pr\u00e9sent\u00e9es sur la photo.<\/em><\/p>\n","protected":false},"excerpt":{"rendered":"<p style=\"text-transform: uppercase\">Plafonnier Ronde en Terre Cuite<\/p>\n","protected":false},"featured_media":37099,"template":"","meta":{"_acf_changed":false},"product_brand":[],"product_cat":[4018],"product_tag":[4278,4280,4282,4284,4290,4308],"class_list":{"0":"post-29976","1":"product","2":"type-product","3":"status-publish","4":"has-post-thumbnail","6":"product_cat-plafonniers-en-ceramique","7":"product_tag-lampe-artisanale","8":"product_tag-lampe-en-argile-non-emaillee","9":"product_tag-lampe-suspendue","10":"product_tag-lampe-suspendue-en-argile","11":"product_tag-lampe-suspendue-terracotta","12":"product_tag-plafonnier","13":"product_shipping_class-categoria-3-fr","14":"pa_dibujo-rayasincisas","15":"pa_dibujo-barroliso","16":"description-off","18":"first","19":"instock","20":"taxable","21":"shipping-taxable","22":"purchasable","23":"product-type-variable","24":"has-default-attributes"},"acf":[],"jetpack_sharing_enabled":true,"_links":{"self":[{"href":"https:\/\/casaatlantica.es\/fr\/wp-json\/wp\/v2\/product\/29976","targetHints":{"allow":["GET"]}}],"collection":[{"href":"https:\/\/casaatlantica.es\/fr\/wp-json\/wp\/v2\/product"}],"about":[{"href":"https:\/\/casaatlantica.es\/fr\/wp-json\/wp\/v2\/types\/product"}],"wp:featuredmedia":[{"embeddable":true,"href":"https:\/\/casaatlantica.es\/fr\/wp-json\/wp\/v2\/media\/37099"}],"wp:attachment":[{"href":"https:\/\/casaatlantica.es\/fr\/wp-json\/wp\/v2\/media?parent=29976"}],"wp:term":[{"taxonomy":"product_brand","embeddable":true,"href":"https:\/\/casaatlantica.es\/fr\/wp-json\/wp\/v2\/product_brand?post=29976"},{"taxonomy":"product_cat","embeddable":true,"href":"https:\/\/casaatlantica.es\/fr\/wp-json\/wp\/v2\/product_cat?post=29976"},{"taxonomy":"product_tag","embeddable":true,"href":"https:\/\/casaatlantica.es\/fr\/wp-json\/wp\/v2\/product_tag?post=29976"}],"curies":[{"name":"wp","href":"https:\/\/api.w.org\/{rel}","templated":true}]}}

<h3 class="titprod">Plafonnier Ronde en Terre Cuite</h3>
<p class="p1">Lampe ronde en terre cuite fabriquée à la main avec un design artisanal inspiré des formes navales. Idéale pour créer des ambiances chaleureuses et uniques.</p>
<p class="p1">Cette lampe est entièrement fabriquée de manière artisanale dans un atelier spécialisé, en utilisant des techniques traditionnelles de tour de potier. La terre cuite est soigneusement façonnée à la main et cuite à haute température pour garantir une finition résistante et durable. Inspirée par les anciens effets navals, cette pièce unique est le fruit d&rsquo;une collaboration avec João Lourenço et « as redeiras da Guarda », qui apportent leur expertise en design.</p>
<div class="spacer"></div>
<p class="p1"><strong>MATÉRIAU</strong> Argile, câble électrique recouvert de tissu beige (140 cm de long) et fil de nylon bleu similaire à celui utilisé dans certaines filets de pêche.</p>
<p class="p1"><strong>DIMENSIONS</strong> Lampe : 24 x 24 x 28 cm.</p>
<p class="p1"><strong>CONTENU</strong> 1 lampe</p>
<div class="spacer"></div>
<p class="p1"><em>Ce produit est artisanal ; la couleur et la finition peuvent légèrement varier par rapport aux pièces présentées sur la photo.</em></p>
