{"id":30089,"date":"2024-11-13T11:34:20","date_gmt":"2024-11-13T10:34:20","guid":{"rendered":"https:\/\/casaatlantica.es\/?post_type=product&#038;p=30089"},"modified":"2025-05-21T11:46:22","modified_gmt":"2025-05-21T11:46:22","slug":"vase-en-argile-emaillee-vert-fortunato","status":"publish","type":"product","link":"https:\/\/casaatlantica.es\/fr\/producto\/vase-en-argile-emaillee-vert-fortunato\/","title":{"rendered":"Fortunato &#8211; vert"},"content":{"rendered":"<h3 class=\"titprod\">Vase en Argile \u00c9maill\u00e9e<\/h3>\n<p class=\"p1\">Vase en argile \u00e9maill\u00e9e au design contemporain inspir\u00e9 des formes traditionnelles. Parfait pour d\u00e9corer avec des fleurs s\u00e9ch\u00e9es ou fra\u00eeches.<\/p>\n<p class=\"p1\">Fabriqu\u00e9 artisanalement en argile cuite et \u00e9maill\u00e9e \u00e0 l&rsquo;int\u00e9rieur, ce vase allie fonctionnalit\u00e9 et esth\u00e9tique. Chaque pi\u00e8ce est fa\u00e7onn\u00e9e \u00e0 la main et cuite \u00e0 haute temp\u00e9rature pour garantir durabilit\u00e9 et r\u00e9sistance \u00e0 l&rsquo;eau.<\/p>\n<div class=\"spacer\"><\/div>\n<p class=\"p1\"><strong>MAT\u00c9RIAU<\/strong> Argile, rev\u00eatement imperm\u00e9able et \u00e9mail.<\/p>\n<p class=\"p1\"><strong>DIMENSIONS<\/strong> 11 x 11 x 20 cm.<\/p>\n<p class=\"p1\"><strong>CONTENU<\/strong> 1 vase<\/p>\n<div class=\"spacer\"><\/div>\n<p class=\"p1\"><i>Ce produit est artisanal ; la couleur et la finition peuvent l\u00e9g\u00e8rement varier par rapport aux pi\u00e8ces pr\u00e9sent\u00e9es en photo.<\/i><\/p>\n","protected":false},"excerpt":{"rendered":"<p style=\"text-transform: uppercase\">Vase en Argile \u00c9maill\u00e9e vert<\/p>\n","protected":false},"featured_media":39290,"template":"","meta":{"_acf_changed":false},"product_brand":[],"product_cat":[3991],"product_tag":[4276,4195],"class_list":{"0":"post-30089","1":"product","2":"type-product","3":"status-publish","4":"has-post-thumbnail","6":"product_cat-vases-en-ceramique","7":"product_tag-vase-en-argile-emaillee","8":"product_tag-vases-et-pots-de-fleurs","9":"product_shipping_class-categoria-2-fr","10":"pa_color-verdesulfato-fr","11":"pa_material-barro","12":"description-off","14":"first","15":"instock","16":"sale","17":"taxable","18":"shipping-taxable","19":"purchasable","20":"product-type-simple"},"acf":[],"jetpack_sharing_enabled":true,"_links":{"self":[{"href":"https:\/\/casaatlantica.es\/fr\/wp-json\/wp\/v2\/product\/30089","targetHints":{"allow":["GET"]}}],"collection":[{"href":"https:\/\/casaatlantica.es\/fr\/wp-json\/wp\/v2\/product"}],"about":[{"href":"https:\/\/casaatlantica.es\/fr\/wp-json\/wp\/v2\/types\/product"}],"wp:featuredmedia":[{"embeddable":true,"href":"https:\/\/casaatlantica.es\/fr\/wp-json\/wp\/v2\/media\/39290"}],"wp:attachment":[{"href":"https:\/\/casaatlantica.es\/fr\/wp-json\/wp\/v2\/media?parent=30089"}],"wp:term":[{"taxonomy":"product_brand","embeddable":true,"href":"https:\/\/casaatlantica.es\/fr\/wp-json\/wp\/v2\/product_brand?post=30089"},{"taxonomy":"product_cat","embeddable":true,"href":"https:\/\/casaatlantica.es\/fr\/wp-json\/wp\/v2\/product_cat?post=30089"},{"taxonomy":"product_tag","embeddable":true,"href":"https:\/\/casaatlantica.es\/fr\/wp-json\/wp\/v2\/product_tag?post=30089"}],"curies":[{"name":"wp","href":"https:\/\/api.w.org\/{rel}","templated":true}]}}

<h3 class="titprod">Vase en Argile Émaillée</h3>
<p class="p1">Vase en argile émaillée au design contemporain inspiré des formes traditionnelles. Parfait pour décorer avec des fleurs séchées ou fraîches.</p>
<p class="p1">Fabriqué artisanalement en argile cuite et émaillée à l&rsquo;intérieur, ce vase allie fonctionnalité et esthétique. Chaque pièce est façonnée à la main et cuite à haute température pour garantir durabilité et résistance à l&rsquo;eau.</p>
<div class="spacer"></div>
<p class="p1"><strong>MATÉRIAU</strong> Argile, revêtement imperméable et émail.</p>
<p class="p1"><strong>DIMENSIONS</strong> 11 x 11 x 20 cm.</p>
<p class="p1"><strong>CONTENU</strong> 1 vase</p>
<div class="spacer"></div>
<p class="p1"><i>Ce produit est artisanal ; la couleur et la finition peuvent légèrement varier par rapport aux pièces présentées en photo.</i></p>

<p style="text-transform: uppercase">Vase en Argile Émaillée vert</p>
