{"id":55110,"date":"2024-12-10T16:04:37","date_gmt":"2024-12-10T15:04:37","guid":{"rendered":"https:\/\/casaatlantica.es\/?post_type=product&#038;p=55110"},"modified":"2025-05-21T13:24:39","modified_gmt":"2025-05-21T13:24:39","slug":"tasses-cafe-en-argile-peinte-fleurs-casto","status":"publish","type":"product","link":"https:\/\/casaatlantica.es\/fr\/producto\/tasses-cafe-en-argile-peinte-fleurs-casto\/","title":{"rendered":"Casto"},"content":{"rendered":"<h3 class=\"titprod\">Ensemble de Deux Tasses \u00e0 Caf\u00e9 en Argile Peintes \u00e0 la Main avec Assiettes.<\/h3>\n<p class=\"p1\">Ensemble de deux tasses \u00e0 caf\u00e9 en argile peintes \u00e0 la main avec assiettes. C\u00e9ramique artisanale du nord du Portugal avec des d\u00e9tails d\u00e9coratifs uniques.<\/p>\n<p class=\"p1\">Ce charmant ensemble de deux tasses avec assiettes est une expression de l&rsquo;art traditionnel du nord du Portugal. Fabriqu\u00e9es en argile rouge, chaque pi\u00e8ce est fa\u00e7onn\u00e9e \u00e0 la main sur un tour de potier et d\u00e9cor\u00e9e \u00e0 la main avec des engobes. Les motifs, inspir\u00e9s de la vie rurale, incluent des fleurs, des points et des c\u0153urs, refl\u00e9tant la riche h\u00e9ritage culturel de la r\u00e9gion.<\/p>\n<p class=\"p1\">Aujourd&rsquo;hui, cette technique traditionnelle n\u2019est pr\u00e9serv\u00e9e que par quelques artisans, rendant chaque pi\u00e8ce unique et sp\u00e9ciale. Parfait pour savourer vos boissons pr\u00e9f\u00e9r\u00e9es avec une touche d&rsquo;authenticit\u00e9 et de style rustique.<\/p>\n<div class=\"spacer\"><\/div>\n<p class=\"p1\"><strong>MAT\u00c9RIEL<\/strong> Argile peinte \u00e0 la main.<\/p>\n<p class=\"p1\"><strong>DIMENSIONS<\/strong> Tasse : 5,5 x 5,5 x 6 cm. Assiette : 10 x 10 x 1 cm.<\/p>\n<p class=\"p1\"><strong>CONTENU<\/strong> 2 tasses et 2 assiettes<\/p>\n<div class=\"spacer\"><\/div>\n<p class=\"p1\"><em>Ceci est un produit artisanal ; la couleur et la finition peuvent l\u00e9g\u00e8rement varier par rapport aux pi\u00e8ces pr\u00e9sent\u00e9es sur la photo.<\/em><\/p>\n","protected":false},"excerpt":{"rendered":"<p style=\"text-transform: uppercase\">Ensemble de Deux Tasses \u00e0 Caf\u00e9 en Argile Peintes \u00e0 la Main avec Assiettes<\/p>\n","protected":false},"featured_media":56789,"template":"","meta":{"_acf_changed":false},"product_brand":[],"product_cat":[3998],"product_tag":[3884,4234,4248,4250,4254],"class_list":{"0":"post-55110","1":"product","2":"type-product","3":"status-publish","4":"has-post-thumbnail","6":"product_cat-verres-et-tasses-en-ceramique","7":"product_tag-table-et-cuisine","8":"product_tag-tasses-en-argile","9":"product_tag-vaisselle","10":"product_tag-vaisselle-en-argile","11":"product_tag-verres-et-tasses","12":"product_shipping_class-categoria-1","13":"description-off","15":"first","16":"instock","17":"taxable","18":"shipping-taxable","19":"purchasable","20":"product-type-simple"},"acf":[],"jetpack_sharing_enabled":true,"_links":{"self":[{"href":"https:\/\/casaatlantica.es\/fr\/wp-json\/wp\/v2\/product\/55110","targetHints":{"allow":["GET"]}}],"collection":[{"href":"https:\/\/casaatlantica.es\/fr\/wp-json\/wp\/v2\/product"}],"about":[{"href":"https:\/\/casaatlantica.es\/fr\/wp-json\/wp\/v2\/types\/product"}],"wp:featuredmedia":[{"embeddable":true,"href":"https:\/\/casaatlantica.es\/fr\/wp-json\/wp\/v2\/media\/56789"}],"wp:attachment":[{"href":"https:\/\/casaatlantica.es\/fr\/wp-json\/wp\/v2\/media?parent=55110"}],"wp:term":[{"taxonomy":"product_brand","embeddable":true,"href":"https:\/\/casaatlantica.es\/fr\/wp-json\/wp\/v2\/product_brand?post=55110"},{"taxonomy":"product_cat","embeddable":true,"href":"https:\/\/casaatlantica.es\/fr\/wp-json\/wp\/v2\/product_cat?post=55110"},{"taxonomy":"product_tag","embeddable":true,"href":"https:\/\/casaatlantica.es\/fr\/wp-json\/wp\/v2\/product_tag?post=55110"}],"curies":[{"name":"wp","href":"https:\/\/api.w.org\/{rel}","templated":true}]}}

<h3 class="titprod">Ensemble de Deux Tasses à Café en Argile Peintes à la Main avec Assiettes.</h3>
<p class="p1">Ensemble de deux tasses à café en argile peintes à la main avec assiettes. Céramique artisanale du nord du Portugal avec des détails décoratifs uniques.</p>
<p class="p1">Ce charmant ensemble de deux tasses avec assiettes est une expression de l&rsquo;art traditionnel du nord du Portugal. Fabriquées en argile rouge, chaque pièce est façonnée à la main sur un tour de potier et décorée à la main avec des engobes. Les motifs, inspirés de la vie rurale, incluent des fleurs, des points et des cœurs, reflétant la riche héritage culturel de la région.</p>
<p class="p1">Aujourd&rsquo;hui, cette technique traditionnelle n’est préservée que par quelques artisans, rendant chaque pièce unique et spéciale. Parfait pour savourer vos boissons préférées avec une touche d&rsquo;authenticité et de style rustique.</p>
<div class="spacer"></div>
<p class="p1"><strong>MATÉRIEL</strong> Argile peinte à la main.</p>
<p class="p1"><strong>DIMENSIONS</strong> Tasse : 5,5 x 5,5 x 6 cm. Assiette : 10 x 10 x 1 cm.</p>
<p class="p1"><strong>CONTENU</strong> 2 tasses et 2 assiettes</p>
<div class="spacer"></div>
<p class="p1"><em>Ceci est un produit artisanal ; la couleur et la finition peuvent légèrement varier par rapport aux pièces présentées sur la photo.</em></p>

<p style="text-transform: uppercase">Ensemble de Deux Tasses à Café en Argile Peintes à la Main avec Assiettes</p>
