{"id":78985,"date":"2025-03-06T11:52:27","date_gmt":"2025-03-06T10:52:27","guid":{"rendered":"https:\/\/casaatlantica.es\/?post_type=product&#038;p=78985"},"modified":"2025-05-21T13:22:42","modified_gmt":"2025-05-21T13:22:42","slug":"verres-en-argile-emaillee-vert-ancora","status":"publish","type":"product","link":"https:\/\/casaatlantica.es\/fr\/producto\/verres-en-argile-emaillee-vert-ancora\/","title":{"rendered":"\u00c2ncora verres &#8211; vert"},"content":{"rendered":"<h3 class=\"titprod\">Ensemble de Deux Verres en Argile \u00c9maill\u00e9e Vert<\/h3>\n<p class=\"p1\">Verres en argile \u00e9maill\u00e9e faits \u00e0 la main, parfaits pour les boissons chaudes ou froides. Disponibles en plusieurs couleurs.<\/p>\n<p class=\"p1\">Fabriqu\u00e9s dans des ateliers locaux, ces gobelets sont moul\u00e9s \u00e0 la main et \u00e9maill\u00e9s avec une finition brillante \u00e0 l\u2019int\u00e9rieur pour garantir r\u00e9sistance et durabilit\u00e9. Id\u00e9als pour un usage quotidien.<\/p>\n<div class=\"spacer\"><\/div>\n<p class=\"p1\"><strong>MAT\u00c9RIEL<\/strong> Argile \u00e9maill\u00e9e.<\/p>\n<p class=\"p1\"><strong>DIMENSIONS<\/strong> Gobelet : 8,5 x 8,5 x 10 cm.<\/p>\n<p class=\"p1\"><strong>CONTENU<\/strong> 2 gobelets<\/p>\n<div class=\"spacer\"><\/div>\n<p class=\"p1\"><em>Ceci est un produit artisanal ; la couleur et la finition peuvent l\u00e9g\u00e8rement varier par rapport aux pi\u00e8ces pr\u00e9sent\u00e9es sur la photo.<\/em><\/p>\n","protected":false},"excerpt":{"rendered":"<p style=\"text-transform: uppercase\">Ensemble de Deux Verres en Argile \u00c9maill\u00e9e vert<\/p>\n","protected":false},"featured_media":17422,"template":"","meta":{"_acf_changed":false},"product_brand":[],"product_cat":[3998],"product_tag":[3884,4248,4252,4254],"class_list":{"0":"post-78985","1":"product","2":"type-product","3":"status-publish","4":"has-post-thumbnail","6":"product_cat-verres-et-tasses-en-ceramique","7":"product_tag-table-et-cuisine","8":"product_tag-vaisselle","9":"product_tag-verres-en-argile-emaillee","10":"product_tag-verres-et-tasses","11":"product_shipping_class-categoria-2-fr","12":"pa_color-verdesulfato-fr","13":"description-off","15":"first","16":"instock","17":"taxable","18":"shipping-taxable","19":"purchasable","20":"product-type-simple"},"acf":[],"jetpack_sharing_enabled":true,"_links":{"self":[{"href":"https:\/\/casaatlantica.es\/fr\/wp-json\/wp\/v2\/product\/78985","targetHints":{"allow":["GET"]}}],"collection":[{"href":"https:\/\/casaatlantica.es\/fr\/wp-json\/wp\/v2\/product"}],"about":[{"href":"https:\/\/casaatlantica.es\/fr\/wp-json\/wp\/v2\/types\/product"}],"wp:featuredmedia":[{"embeddable":true,"href":"https:\/\/casaatlantica.es\/fr\/wp-json\/wp\/v2\/media\/17422"}],"wp:attachment":[{"href":"https:\/\/casaatlantica.es\/fr\/wp-json\/wp\/v2\/media?parent=78985"}],"wp:term":[{"taxonomy":"product_brand","embeddable":true,"href":"https:\/\/casaatlantica.es\/fr\/wp-json\/wp\/v2\/product_brand?post=78985"},{"taxonomy":"product_cat","embeddable":true,"href":"https:\/\/casaatlantica.es\/fr\/wp-json\/wp\/v2\/product_cat?post=78985"},{"taxonomy":"product_tag","embeddable":true,"href":"https:\/\/casaatlantica.es\/fr\/wp-json\/wp\/v2\/product_tag?post=78985"}],"curies":[{"name":"wp","href":"https:\/\/api.w.org\/{rel}","templated":true}]}}

Âncora verres &#8211; vert

<h3 class="titprod">Ensemble de Deux Verres en Argile Émaillée Vert</h3>
<p class="p1">Verres en argile émaillée faits à la main, parfaits pour les boissons chaudes ou froides. Disponibles en plusieurs couleurs.</p>
<p class="p1">Fabriqués dans des ateliers locaux, ces gobelets sont moulés à la main et émaillés avec une finition brillante à l’intérieur pour garantir résistance et durabilité. Idéals pour un usage quotidien.</p>
<div class="spacer"></div>
<p class="p1"><strong>MATÉRIEL</strong> Argile émaillée.</p>
<p class="p1"><strong>DIMENSIONS</strong> Gobelet : 8,5 x 8,5 x 10 cm.</p>
<p class="p1"><strong>CONTENU</strong> 2 gobelets</p>
<div class="spacer"></div>
<p class="p1"><em>Ceci est un produit artisanal ; la couleur et la finition peuvent légèrement varier par rapport aux pièces présentées sur la photo.</em></p>

<p style="text-transform: uppercase">Ensemble de Deux Verres en Argile Émaillée vert</p>
