{"id":81610,"date":"2025-03-10T15:37:35","date_gmt":"2025-03-10T14:37:35","guid":{"rendered":"https:\/\/casaatlantica.es\/?post_type=product&#038;p=81610"},"modified":"2025-05-21T13:26:36","modified_gmt":"2025-05-21T13:26:36","slug":"bouteille-tressee-cable-bleu-clementina","status":"publish","type":"product","link":"https:\/\/casaatlantica.es\/fr\/producto\/bouteille-tressee-cable-bleu-clementina\/","title":{"rendered":"Clementina &#8211; bleu"},"content":{"rendered":"<h3 class=\"titprod\">Bouteille Tress\u00e9e avec C\u00e2ble Bleu et Rouge<\/h3>\n<p class=\"p1\">Bouteille tress\u00e9e r\u00e9interpr\u00e9tant la technique utilis\u00e9e pour d\u00e9corer les cruches \u00e0 sangria dans les ann\u00e9es 50. La bouteille est prot\u00e9g\u00e9e, esth\u00e9tique et pr\u00eate \u00e0 durer de nombreuses ann\u00e9es.<\/p>\n<p class=\"p1\">Tress\u00e9es \u00e0 la main dans notre atelier avec des mat\u00e9riaux r\u00e9cup\u00e9r\u00e9s de c\u00e2blages de Barcelone, nos bouteilles Clementina sont un produit 100% local et artisanal.<\/p>\n<p class=\"p1\">Ce produit est fabriqu\u00e9 sur commande et n\u00e9cessite une semaine de production.<\/p>\n<div class=\"spacer\"><\/div>\n<p class=\"p1\"><strong>MAT\u00c9RIAU<\/strong> Plastique PVC recycl\u00e9 provenant de restes d&rsquo;usines.<\/p>\n<p class=\"p1\"><strong>DIMENSIONS<\/strong> Bouteille : Capacit\u00e9 75 CL.<\/p>\n<p class=\"p1\"><strong>CONTENU<\/strong> 1 bouteille<\/p>\n<div class=\"spacer\"><\/div>\n<p class=\"p1\"><em>Ce produit est artisanal ; la couleur et la finition peuvent l\u00e9g\u00e8rement varier par rapport aux pi\u00e8ces pr\u00e9sent\u00e9es sur la photo.<\/em><\/p>\n","protected":false},"excerpt":{"rendered":"<p style=\"text-transform: uppercase\">Bouteille Tress\u00e9e avec C\u00e2ble Bleu et Rouge<\/p>\n","protected":false},"featured_media":38190,"template":"","meta":{"_acf_changed":false},"product_brand":[],"product_cat":[4009],"product_tag":[4151,4153,4157,4163],"class_list":{"0":"post-81610","1":"product","2":"type-product","3":"status-publish","4":"has-post-thumbnail","6":"product_cat-vannerie","7":"product_tag-bouteilles","8":"product_tag-bouteilles-tressees","9":"product_tag-cable-pvc-fr","10":"product_tag-vannerie","11":"product_shipping_class-categoria-2-fr","12":"pa_color-azul-fr","13":"description-off","15":"first","16":"instock","17":"taxable","18":"shipping-taxable","19":"purchasable","20":"product-type-simple"},"acf":[],"jetpack_sharing_enabled":true,"_links":{"self":[{"href":"https:\/\/casaatlantica.es\/fr\/wp-json\/wp\/v2\/product\/81610","targetHints":{"allow":["GET"]}}],"collection":[{"href":"https:\/\/casaatlantica.es\/fr\/wp-json\/wp\/v2\/product"}],"about":[{"href":"https:\/\/casaatlantica.es\/fr\/wp-json\/wp\/v2\/types\/product"}],"wp:featuredmedia":[{"embeddable":true,"href":"https:\/\/casaatlantica.es\/fr\/wp-json\/wp\/v2\/media\/38190"}],"wp:attachment":[{"href":"https:\/\/casaatlantica.es\/fr\/wp-json\/wp\/v2\/media?parent=81610"}],"wp:term":[{"taxonomy":"product_brand","embeddable":true,"href":"https:\/\/casaatlantica.es\/fr\/wp-json\/wp\/v2\/product_brand?post=81610"},{"taxonomy":"product_cat","embeddable":true,"href":"https:\/\/casaatlantica.es\/fr\/wp-json\/wp\/v2\/product_cat?post=81610"},{"taxonomy":"product_tag","embeddable":true,"href":"https:\/\/casaatlantica.es\/fr\/wp-json\/wp\/v2\/product_tag?post=81610"}],"curies":[{"name":"wp","href":"https:\/\/api.w.org\/{rel}","templated":true}]}}

<h3 class="titprod">Bouteille Tressée avec Câble Bleu et Rouge</h3>
<p class="p1">Bouteille tressée réinterprétant la technique utilisée pour décorer les cruches à sangria dans les années 50. La bouteille est protégée, esthétique et prête à durer de nombreuses années.</p>
<p class="p1">Tressées à la main dans notre atelier avec des matériaux récupérés de câblages de Barcelone, nos bouteilles Clementina sont un produit 100% local et artisanal.</p>
<p class="p1">Ce produit est fabriqué sur commande et nécessite une semaine de production.</p>
<div class="spacer"></div>
<p class="p1"><strong>MATÉRIAU</strong> Plastique PVC recyclé provenant de restes d&rsquo;usines.</p>
<p class="p1"><strong>DIMENSIONS</strong> Bouteille : Capacité 75 CL.</p>
<p class="p1"><strong>CONTENU</strong> 1 bouteille</p>
<div class="spacer"></div>
<p class="p1"><em>Ce produit est artisanal ; la couleur et la finition peuvent légèrement varier par rapport aux pièces présentées sur la photo.</em></p>

<p style="text-transform: uppercase">Bouteille Tressée avec Câble Bleu et Rouge</p>
